t. Is r(-5) a composite number?
False
Let p be 6/9 + 141/(-9). Let s = 8 - 3. Is 6/s*p/(-2) composite?
True
Suppose 0 = -2*u + 2*w - w + 5364, -w + 8041 = 3*u. Is u a prime number?
False
Let m(q) = q**3 - 6*q**2 + 3*q - 4. Let c be m(6). Let f be 4/c + (-2)/7. Is f - (-230)/(1 - -1) composite?
True
Let f be (2110/(-4))/(1/(-2)). Suppose -2*o + f = 3*o. Is o prime?
True
Let v = 10 + -6. Suppose 5*t + v*n - 429 = -0*t, -n = 3*t - 263. Is t a prime number?
True
Suppose -2*i - 3*z - 218 = 2*z, -2*z = 5*i + 503. Let o = 286 + i. Is o a composite number?
True
Let j = -1 - -2. Is 99/(-27)*(-16 + j) prime?
False
Let x(y) = -y**2 - 7*y - 2. Let o be x(-6). Suppose -75 = -3*t - o*g, -4*t - 5*g + 80 = -20. Is t composite?
True
Let x(c) = 7*c**2 - c + 1 + 7*c + 2*c - 2*c. Is x(-4) prime?
True
Let i be ((-2)/(-4))/((-7)/(-70)). Is 259 - (i + -4 + -5) a prime number?
True
Let h = 5 - 0. Suppose -928 = h*o - 3183. Is o a composite number?
True
Let b = 761 - 438. Is b a prime number?
False
Let v be -2 - (-3 - 1) - -2. Suppose -3*k = -2*r + 253, 3*r - 92 - v = k. Let b = 116 + k. Is b a prime number?
False
Suppose 41 - 13 = 2*o. Is o/(-49) + (-1782)/(-14) prime?
True
Suppose 0 = d - 5 - 32. Let p = 900 - d. Is p prime?
True
Let i = -118 + 51. Let y = -30 - i. Is y composite?
False
Suppose 0*o = -4*o + 332. Is o a prime number?
True
Let u = 13 - 8. Suppose -72 + 1037 = u*c + 2*f, -2*c - f + 385 = 0. Suppose 4*p - c = -5*d, d - 2*d + 3*p + 58 = 0. Is d a composite number?
False
Let q = 1330 + -851. Is q prime?
True
Let n(l) = 11*l**2 + l - 1. Is n(-5) prime?
True
Suppose 201 - 1005 = m - 2*h, 3*m = 4*h - 2422. Is m/(-1)*(-3)/(-6) prime?
False
Let d be (2/4 - 2)*-2. Suppose -d*x + 4*u + 485 = 0, 3*x = 5*x - 5*u - 314. Let r = 294 - x. Is r a composite number?
False
Is 6/(-15) + 748/20 prime?
True
Let p(b) be the second derivative of b**5/20 - b**4/6 - b**3/2 + 3*b**2/2 - 2*b. Let c be p(3). Suppose 79 = c*k - 14. Is k a prime number?
True
Is (-6)/9 + (-465)/(-9) prime?
False
Let t = -33 + 90. Suppose 0 = 2*h + 2*g + g + 47, -2*h - 40 = -4*g. Let m = h + t. Is m a composite number?
True
Is 4/(-16) - (-42132)/16 prime?
True
Let c(u) = 100*u**2 + 2*u - 7. Let w be 1/4 - (-104)/(-32). Is c(w) composite?
False
Let j = 117 - 24. Suppose -538 - j = -u. Is u prime?
True
Let y(c) = c**3. Let v(h) = -h**3 - 4*h**2 - 5*h - 3. Let i(a) = -v(a) - 2*y(a). Let k(r) = -r**2 - 6*r - 1. Let g be k(-5). Is i(g) a prime number?
True
Suppose -q + 69 = -64. Is q a prime number?
False
Let g = 4 + -3. Let t be (81 + -2)/g - 2. Suppose 0 = -b - 24 + t. Is b a composite number?
False
Let u be 2 + (2 - (-2 - -5)). Is u - (3 + (-518)/2) a prime number?
True
Let g = -30 - -49. Suppose 5*s + 35 = -5*z, 2*s - z = -4*z - g. Is ((-8)/s)/((-2)/(-7)) composite?
True
Suppose -2*r = 3*r - 10. Suppose -m = r*m. Suppose 5*j - 35 = -h, m = -7*j + 3*j + 5*h - 1. Is j a composite number?
True
Let w(y) = -2*y + 1. Let p be w(-1). Let x(v) = -v**2 - 6*v - 1. Let i be x(-3). Let g = i + p. Is g composite?
False
Let h(m) = -m - 5. Let p be h(-3). Is 208 + -4 - p/(-2) a composite number?
True
Let i be (16/28)/((-2)/(-7)). Suppose -3*n + 5*y - 9 = 0, 2*n + 2*y = -i*n + 14. Suppose 0 = -z - n*z + 237. Is z a prime number?
True
Suppose -5*o = -5*x + 5, 0 = -x - 0*o + 2*o + 2. Let k = 65 - x. Is k a prime number?
False
Suppose 0 = 4*q - 5*q + 5, -5*i = -5*q - 10380. Is i a prime number?
True
Suppose -2*q = 2*o - 8, -4*q - 5 = -2*o + 3. Suppose 0 = -4*j + o, -5*j - 351 = -5*z - j. Is z prime?
True
Let u(v) = -2 + 24*v**2 - 16*v + 4*v**2 + 11*v. Is u(-3) a prime number?
False
Let y(r) be the third derivative of r**6/30 - r**5/15 + r**4/24 + 2*r**3/3 + r**2. Suppose -2*s + 2 = 2*p - p, -3*p = 4*s. Is y(s) composite?
False
Suppose -3*l + 4 + 5 = 0. Suppose -90 = -l*x + 147. Is x a prime number?
True
Let k(o) = 84*o**3 + o**2 - 1. Let p be k(-1). Let t = p + 143. Is t a composite number?
False
Let b(x) = x**3 + 21*x**2 + 4*x - 15. Is b(-11) a prime number?
True
Let n(x) = -2 + 1 - 6 + 8*x + x**2 + 0. Let a be n(-6). Let m = 74 + a. Is m a composite number?
True
Let i = 51 + -22. Let o = i - 11. Is o/4*(-110)/(-15) prime?
False
Let k = 4 + 40. Suppose -2*o = 4*g - 4*o - k, 3*o = -5*g + 66. Is 0 - (0 + g/(-3)) prime?
False
Let o(j) be the third derivative of 97*j**5/60 - 5*j**4/24 + j**3/6 - 3*j**2. Is o(2) a composite number?
False
Let p(k) = -k**3 + 20*k**2 - 3*k - 11. Is p(9) a prime number?
True
Let g(p) = p**2 + p - 1. Let o(f) = f**2 + 3*f + 2. Let i(z) = 2*g(z) - o(z). Let k be i(3). Suppose t + 10 = -4*t, 3*t - 36 = -k*q. Is q a composite number?
True
Let n = -7 + 13. Let c(o) = -o + 5. Let y be c(n). Is -2 + 2 + y + 36 a composite number?
True
Let j(w) = -4*w**3 - 8*w**2 - 13*w - 25. Is j(-6) a prime number?
False
Let v(j) = -2*j + 3. Let r be v(5). Let h(c) = c**2 - c - 1. Is h(r) a composite number?
True
Let s be (-1 - (-1 - -2)) + 18. Let t be 0 + 2 + -3 + s. Let j = t - 1. Is j composite?
True
Let r(q) = q**3 - 7*q**2 - 3*q - 9. Suppose -3*b + 2 = 17, 0 = 5*h - 2*b - 50. Is r(h) a composite number?
False
Is ((-4)/(-10))/((-6)/(-690)) composite?
True
Let g(a) = -a**2 - a - 1. Let w be g(0). Let c = 5 + w. Is ((-38)/c)/((-2)/4) a prime number?
True
Let y be (0 - -1 - 1)/1. Suppose t = 4*z + 45, -3*t + 3*z - 2*z + 102 = y. Is t composite?
True
Let h = 1 + -6. Let d(u) = -2*u**2 - 14*u + 2. Let r(i) = i. Let j(p) = -d(p) - 12*r(p). Is j(h) a composite number?
True
Let q = -7 - -7. Suppose q = -j - 2*j + 237. Is j prime?
True
Let b(h) = 14*h**2 - 3*h - 4. Let x = 22 + -13. Let y = x + -6. Is b(y) composite?
False
Let i(d) = -d**3 - 5*d**2 - 6*d - 5. Let n be i(-4). Suppose 62 = n*s - s. Is s composite?
False
Suppose 0 = 2*b - 0*b. Suppose 0*o + 4*o - 292 = b. Let k = o + -47. Is k composite?
True
Suppose 2*n = -4*r + 12, 0*r + 5*n + 9 = 3*r. Suppose 4*a + 3863 = r*y + 2*y, y + 4*a - 763 = 0. Suppose 5*w - y = 404. Is w a prime number?
False
Suppose 4*y - 1 - 19 = 0. Let g(v) = 39*v + 8. Is g(y) a composite number?
True
Let a(p) = 62*p - 20. Is a(9) composite?
True
Let f(n) = -n**3 - 3*n**2 + 4*n + 6. Let i be f(-4). Let d be (-2)/i + 7160/15. Let k = -286 + d. Is k prime?
True
Let u = 1604 - 925. Let p = -378 + u. Suppose 4*n - p = -5*i, 3*i - i - 231 = -3*n. Is n a composite number?
False
Suppose -3*y - 6 = -3*l, 2*l + 3*y - 6 = 4*y. Suppose 0 = -2*v + l*v - 74. Suppose -b - v = -2*b. Is b composite?
False
Let p(w) = 3*w - 5. Is p(9) a prime number?
False
Is (-2078)/(-2) - -3 - -1 composite?
True
Suppose -2*g + 3*f + 18 = f, 5*g - 4*f - 42 = 0. Let s(k) = 3*k**2 - 10*k + 3. Is s(g) a prime number?
False
Let o = -14 - -43. Let q = -15 + o. Is q a prime number?
False
Suppose 2 = 4*m - 2*d, -2*m - 2*d - 12 = -m. Let o be 4/2 + 0 + -2. Is (1 + o)*5 - m prime?
True
Let h = 450 - 311. Let q(d) = d**2 + d + 151. Let j be q(0). Suppose -h = -5*x + j. Is x composite?
True
Let v(j) = 11*j**2 + 12*j - 3 + 5 + 3. Is v(-8) a prime number?
True
Let y(q) = q**2 - 5*q + 2. Let c be y(7). Suppose -5*p = -i + c - 2, -2*i + 4*p = -22. Is 670/6 + (-6)/i a prime number?
False
Is 35867/143 - 2/(-11) prime?
True
Let u be ((-6)/(-8))/((-2)/(-8)). Let w = u + 28. Is w composite?
False
Is 118 - (-4 + 1 + 3) prime?
False
Let d = 14 + -12. Suppose -4*q + 2*s + 1304 = 0, d*q - 652 = -0*q - 5*s. Is q composite?
True
Let x(g) = -3*g - 3. Let j be x(-2). Is (-2)/(-4)*222/j composite?
False
Let m be 14/(-4) - (-2)/(-4). Let l = m - -43. Is l composite?
True
Let h(y) be the third derivative of 2*y**4/3 - y**3/6 + 3*y**2. Is h(7) composite?
True
Suppose 3*k - 3*y - 2977 = -544, 3*k + 5*y - 2417 = 0. Is k composite?
False
Let c be -4*-115*(0 + -1). Let t = -297 - c. Is t a composite number?
False
Let t(y) = 9*y + 1. Let z be t(-4). Let g = z - -330. Is g prime?
False
Let z(o) = -3*o + 2 - o - 9*o - 1. Is z(-1) composite?
True
Let m = 10 - -5. Is m a prime number?
False
Let k(d) = 3*d**2 - 3*d + 2. Let t be k(3). Let h be (5 + 4)*(-6)/(-9). Let o = t + h. Is o composite?
True
Let l = 4 + -2. Suppose -n + 6 = l*n. Suppose n*o - 166 = -0*o. Is o prime?
True
Let y be -2 + 1 + (-1 - -6). Suppose 2*q + 4*c = y*q - 86, -4*q = 2*c - 122. Is q a composite number?
True
Is 4 + 439*(3 + -2) a composite number?
False
Suppose -5*l - 229 = -694. Suppose l 